/(-1) + 1)*-5. Let i = m - -4. What is the tens digit of i?
1
Let k be 60/(-8)*12/(-10). Let y = k + -6. What is the units digit of 328/24 - (-1)/y?
4
Suppose 3*l = -3*t + 444, 444 = -3*t + 6*t - 4*l. What is the hundreds digit of t?
1
Suppose 0 = 4*j - d - 1449, -5*d - 392 - 682 = -3*j. Suppose -3*x + j = -2*p - 0*p, -360 = -3*x + 3*p. What is the hundreds digit of x?
1
Let c be (2 + 7/(-2))/((-21)/56). Suppose -201 = -2*d - c*i + 5*i, 4*i - 196 = -2*d. What is the hundreds digit of d?
1
What is the units digit of 172652/272 + 10/8?
6
Let b(m) = 27*m - 9. Suppose -6 + 1 = -f. What is the tens digit of b(f)?
2
Let u(i) = -i**2 - 10*i - 1. Let y be u(-5). Let a = -520 - -525. Suppose a*p = -z - 29 + 101, y = 2*p + 2*z. What is the tens digit of p?
1
Suppose 0 = j - 5*j + 4, -3*j = l - 23. Let h(s) = s - 12. What is the units digit of h(l)?
8
Let h(n) = -101*n - 1. What is the units digit of h(-1)?
0
Let x = 1509 + -734. What is the tens digit of x?
7
Suppose -20*t + 129990 = 15*t. What is the thousands digit of t?
3
Let k(d) = -d + 9. Let o be k(7). Let s be (-18)/81 + o/9. Suppose 4*g - 56 = -s*g. What is the units digit of g?
4
What is the units digit of (-2)/(-4)*(8 - (-2 - 618))?
4
Let n(x) = -1993*x**3 + 7*x**2 + 2*x - 4. What is the units digit of n(-1)?
4
Suppose x - 393 + 54 = 0. What is the tens digit of x?
3
Let t = 1275 - 737. What is the units digit of t?
8
Let v(s) = -6*s**2 - 4*s. Let w(y) = -5*y**2 - 4*y. Let o(j) = 4*v(j) - 5*w(j). Let f be o(-5). Suppose 0*b + 240 = f*b. What is the tens digit of b?
4
Let n(c) = -c**3 + 2*c + 1. Let m be n(-1). Suppose 4*o - 430 = -2*z, 5*z = -m*z - 15. What is the units digit of o?
9
What is the hundreds digit of 9/((-252)/(-4795)) - (-2)/(-8)?
1
Suppose 13*n - 40*n = -2025. What is the units digit of n?
5
Let m(d) = -d**2 + 3*d. Let n be m(5). Let i(j) = j**2 + j - 3. What is the tens digit of i(n)?
8
Let f be ((-5)/10)/(1/(-204)). Suppose 0 = -5*s + f + 253. What is the tens digit of s?
7
Let t(l) = 36*l**3 + l - 2. Let q be ((-6)/4)/((-3)/2). What is the units digit of t(q)?
5
Let t(s) = 2*s + 46. Let u be t(-23). Suppose u = 36*n - 38*n + 88. What is the units digit of n?
4
Let b(n) = -2*n + 11. Let f be b(10). Suppose -5*r - 3 = -53. Let p = r + f. What is the units digit of p?
1
Suppose 1 = c - 2. Suppose -c*i = -0*i - 342. Suppose 0 = 3*s - i + 39. What is the tens digit of s?
2
Suppose 5*a = 277 - 37. Suppose -a = -2*g - 2*g. What is the tens digit of g?
1
Let d(i) be the first derivative of 20*i**3/3 + 3*i**2/2 - 2*i + 10. Let r be d(1). Let q = r + -13. What is the units digit of q?
8
Let p = 5 - 5. Suppose p = -8*x + 5*x + 27. What is the units digit of x?
9
What is the tens digit of (-2)/7 - (129570/(-49) + 12)?
3
Let s = 4778 - 2646. What is the hundreds digit of s?
1
Suppose 2831 = 5*u + x - 25, 0 = -4*u + 2*x + 2282. What is the units digit of u?
1
Suppose 4*b - 2*b - 3*u + 3548 = 0, 2*b + 2*u + 3568 = 0. What is the tens digit of 4/18 + b/(-90)?
2
Let o(n) = -11*n - 16. Suppose -3*w = -3*g + g, 9 = g + 3*w. Suppose 0*v - g*v - 25 = -j, 4*v + j = -24. What is the tens digit of o(v)?
6
Let m(d) = 60*d**2 + 3*d - 2. Let j be m(1). Let g = 1 + j. What is the tens digit of g?
6
Suppose -5*m = -2*f - 1213 + 5282, -5*m = 3*f - 6066. What is the hundreds digit of f?
0
Let z = 34 - 22. Let f(b) = -b + 13. What is the units digit of f(z)?
1
What is the hundreds digit of (-3)/(-9)*1 - 50848/(-96)?
5
Let v(i) be the first derivative of -i**4/2 - 8*i**3/3 + i**2 - i - 10. What is the hundreds digit of v(-6)?
1
Suppose 47*r - 3726 = 44*r. What is the tens digit of r?
4
Let h(y) = -y**3 + 7*y**2 + 6*y + 4. Let g(z) = z**3 + 4*z**2 - 2*z - 2. Let u be g(-4). What is the units digit of h(u)?
6
Suppose -k + 0*t - 8 = -2*t, -15 = -3*t. Suppose 0 = -3*i + i + 4. Suppose -3*v = -k*n - 47, 6*n = 5*v + i*n - 77. What is the tens digit of v?
1
Let o(a) = 3*a - 6. Let j be o(6). Let n be ((-8)/j)/(2/(-9)). Suppose 0 + 3 = n*t. What is the units digit of t?
1
Suppose 8*r = 6*r + 8, 164 = 2*t + r. What is the units digit of t?
0
Let a = -22 + 21. What is the tens digit of a/4 + 1053/52?
2
Let s be 0*(-3)/12 + -3. Let j be 670/(-15)*s/2. Suppose 0 = 5*l + 5*h - 145, 2*l + h - j = -10. What is the tens digit of l?
2
Suppose x + 10 = 2*x. Let o be ((-26)/65)/((-4)/x). Suppose -32*w + 31*w + o = 0. What is the units digit of w?
1
Let h = -12 - -17. Let k(a) = 6*a**3 - 4*a**2 + 16*a - 13. Let y(n) = n**3 + n**2 + n - 1. Let i(j) = h*y(j) - k(j). What is the tens digit of i(7)?
2
What is the units digit of 4/(-32)*-12*4 + 1141?
7
Let o(p) = 27*p**2 + 10*p - 31. What is the units digit of o(11)?
6
Let i = -179 - -354. What is the hundreds digit of i?
1
Let x = -113 - -323. Suppose 0 = -d - 3*y + x, -125 = -d - 2*y + 90. Let h = -152 + d. What is the units digit of h?
3
Let y = -18 + 224. Suppose -z = 4*m - 241, 3*m + y = -7*z + 8*z. What is the hundreds digit of z?
2
Suppose -10*h + 339 + 561 = 0. What is the tens digit of h?
9
Let t(n) = 3*n**3 - n**2. Let x be t(1). Let r(l) = 4*l**x - 5 + 4*l**2 - 2*l**2 - 16*l - 5*l**2. What is the units digit of r(18)?
1
Suppose 1 = -h - o, -2*h + 5*o + 32 = 2*h. Suppose h*v - 4 = -u, -4*u + 2*u - 22 = -4*v. What is the units digit of (18/v)/(-2)*-5?
5
Let o = 137 + -236. Let b be 1/(393/o - -4). Suppose 5*t - 118 = -b. What is the tens digit of t?
1
Let r(p) = 5*p - 1. Let g be 12/5*(-30)/(-12). Suppose g - 18 = -2*m. What is the units digit of r(m)?
9
Suppose -12*u = -3*i - 8*u + 3010, -2004 = -2*i + 4*u. What is the tens digit of i?
0
Let m(j) = -16*j - 128. What is the hundreds digit of m(-22)?
2
Let u = 16 + -8. Suppose u*c = 3*c + 10. Suppose -4*s - 40 + 1 = -5*m, -m + c*s = -9. What is the units digit of m?
7
Let z be (-77)/(-22)*8/14. Suppose -1 = -z*o - o + 4*l, -l = o - 5. Suppose 7*j - 124 = o*j. What is the units digit of j?
1
Suppose -4*g + 5 = -39. Let d(t) = t**2 - 13*t + 16. Let i be d(g). Let y = i + 33. What is the units digit of y?
7
What is the units digit of -14 + 2 - -9 - -9?
6
Suppose 5*s + 15666 = 4*t, -3*t - 5423 = 3*s - 17186. What is the units digit of t?
9
Let r = 7161 + -2570. What is the tens digit of r?
9
Let h be (1/2)/(4/64). What is the tens digit of 3*(-3)/(-36) - (-614)/h?
7
Suppose 0 = 14*s - 9*s + 35. Let r = 15 + s. What is the units digit of r?
8
Let k = -45 - -13. Let q = 24 - k. What is the tens digit of q?
5
Let p(a) = -81*a + 129. What is the units digit of p(-5)?
4
Let l = -63 + -62. Let a = l - -218. Suppose 78 = 2*h - 4*f, -5*f + a + 24 = 3*h. What is the tens digit of h?
3
Suppose 16*c = 24*c - 5552. What is the units digit of c?
4
What is the units digit of (2327 + 4 - -6) + -3?
4
Suppose 58*b = -2749 + 30647. What is the tens digit of b?
8
What is the tens digit of 48*(5 - 1/1)?
9
Suppose 11 = -9*u + 38. Suppose u*m + 0 = 6, -h = -5*m - 48. What is the tens digit of h?
5
Let q be (-4*2/8)/((-2)/20). Suppose -5*x - 3*a = -7*a - 732, 5*a = q. What is the hundreds digit of x?
1
Suppose -n = q + 36, -4*n + 3*q = 79 + 72. Let v = n + 154. What is the tens digit of v?
1
Let b = -406 - -1005. What is the hundreds digit of b?
5
Let k = -151 + 160. What is the hundreds digit of 1*((327 - k) + 1 + 0)?
3
Suppose -43 = -5*k - 4*l, l + 0 + 58 = 5*k. Let g be (-32)/3 - 2/(-3). Let o = g + k. What is the units digit of o?
1
Let z be (8/3 + -4)*12. Let g = 71 + z. What is the tens digit of g?
5
Suppose -5*c = -15, 10*x - 6*x + c = 487. What is the tens digit of x?
2
Let p = -4 + 5. Suppose -2*k + 6 = -4*g, 3*k = -g - 2*k + 15. Let l = p - g. What is the units digit of l?
1
What is the hundreds digit of 3/((-2 - 6)/(-4624))?
7
Suppose b + 5*b + 1686 = 0. Let l = -174 - b. What is the hundreds digit of l?
1
Suppose 0 = -12*c + 4386 + 12198. What is the units digit of c?
2
Let t(b) = -3*b**3 - 9*b**2 - 5*b - 12. What is the hundreds digit of t(-6)?
3
Let m(h) = 25*h - 3. Let x(b) = 101*b - 12. Let d(y) = -26*m(y) + 6*x(y). What is the units digit of d(-2)?
4
Let m = -1 - -149. What is the tens digit of m?
4
Let m(q) = -2*q**3 - 6*q + q**3 - 2*q**2 - 2 - 2*q**2 - q**2. Let n be m(-4). Suppose 126 = n*z - 150. What is the tens digit of z?
4
Let i(x) = 4*x - 1. Let y be 4/10 + (-40)/(-25). Suppose y*q - 5*j - 6 = -2*j, 3*q = -4*j + 26. What